 -4 - -41?
3d
In base 4, what is 30 - -11101?
11131
In base 2, what is 101 + 1010011?
1011000
In base 13, what is 6 - -9c?
a5
In base 13, what is 5 - 11?
-9
In base 2, what is 101 + -10000?
-1011
In base 10, what is -24062 - 4?
-24066
In base 14, what is -6 + 2?
-4
In base 8, what is -5 - 100?
-105
In base 7, what is -2 - 343?
-345
In base 15, what is 90 + -4?
8b
In base 16, what is 25 - 6?
1f
In base 13, what is a - 0?
a
In base 16, what is -72 - 2?
-74
In base 12, what is 12 + 4?
16
In base 9, what is -3 - 7?
-11
In base 12, what is 131 + -11?
120
In base 9, what is -12 + -166?
-178
In base 11, what is 6240 + 0?
6240
In base 6, what is 0 + -51415?
-51415
In base 2, what is -101 + -110111010?
-110111111
In base 9, what is 8 - -364?
373
In base 8, what is 5 - -2704?
2711
In base 16, what is 4c - 8?
44
In base 10, what is -38 - 3?
-41
In base 9, what is -28 - 5?
-34
In base 13, what is -6 - ba?
-c3
In base 16, what is -3a - -3?
-37
In base 14, what is -173 - a?
-17d
In base 5, what is -10 - -12034?
12024
In base 2, what is -1010110101 + -101?
-1010111010
In base 12, what is 4 + -712?
-70a
In base 9, what is -25 - 0?
-25
In base 10, what is 79 - 0?
79
In base 6, what is 31 - 105?
-34
In base 7, what is -2040 - 5?
-2045
In base 8, what is 3650 - -2?
3652
In base 7, what is -232 + 3?
-226
In base 4, what is 131 + 3?
200
In base 9, what is 5 + -242?
-236
In base 10, what is 73 - 1?
72
In base 5, what is 1222 + -3?
1214
In base 13, what is -1c - 4a?
-69
In base 13, what is 4366 + 2?
4368
In base 7, what is 5 - -11?
16
In base 14, what is 4 + -48?
-44
In base 16, what is -19e9 + 5?
-19e4
In base 14, what is -5 + 89?
84
In base 4, what is 10 + 112?
122
In base 16, what is 171 - 6?
16b
In base 8, what is 31 - -37?
70
In base 3, what is 10 + -21111?
-21101
In base 4, what is 21 - 20112?
-20031
In base 7, what is -11064 - -1?
-11063
In base 11, what is 1 - 33?
-32
In base 15, what is -4 + -76?
-7a
In base 12, what is -2 + a84?
a82
In base 12, what is -4 - -113?
10b
In base 4, what is 12121 + -32?
12023
In base 9, what is -4 - 181?
-185
In base 12, what is 508b - 2?
5089
In base 10, what is 2 - 3?
-1
In base 13, what is -13 - 26?
-39
In base 9, what is 3 + 533?
536
In base 4, what is 11 - -33?
110
In base 12, what is -7 + -52?
-59
In base 13, what is -b1 + -5b?
-13c
In base 9, what is -51 - 7?
-58
In base 6, what is 0 - 2114?
-2114
In base 7, what is -26410 - -2?
-26405
In base 11, what is -3 - -681?
679
In base 7, what is -664 + -15?
-1012
In base 16, what is 1 + -13?
-12
In base 13, what is -151 + 3?
-14b
In base 13, what is b + -3?
8
In base 14, what is -28 + -7?
-31
In base 5, what is 1 - 1?
0
In base 15, what is -5 + -2b4?
-2b9
In base 14, what is 3a9 - 4?
3a5
In base 10, what is -3 + -3929?
-3932
In base 16, what is -63 - 2?
-65
In base 14, what is c - 12?
-4
In base 13, what is 2 - 1?
1
In base 6, what is 3 - 334?
-331
In base 3, what is -2101 + 10?
-2021
In base 12, what is -6 - -19?
13
In base 13, what is 446 + 0?
446
In base 12, what is -1a0 - 4?
-1a4
In base 5, what is 13040 + -20?
13020
In base 13, what is 4 - 1c?
-18
In base 11, what is -750 + -5?
-755
In base 5, what is 4 + -40034?
-40030
In base 7, what is 1066 - -3?
1102
In base 2, what is 11000 + -1011?
1101
In base 9, what is 172 + -13?
158
In base 9, what is 236 + -8?
227
In base 9, what is 3 - -30?
33
In base 5, what is -31 + -101?
-132
In base 15, what is -2 - -a53?
a51
In base 10, what is 16 + 11?
27
In base 4, what is -12 + 1103?
1031
In base 16, what is 6 + 213?
219
In base 12, what is -5 - 113?
-118
In base 9, what is 260 - 6?
253
In base 13, what is -5 + -8c?
-94
In base 5, what is 2 + -13132?
-13130
In base 11, what is -5 - -277?
272
In base 6, what is 0 - -5041?
5041
In base 4, what is 1332032 + -2?
1332030
In base 8, what is 3533 - 5?
3526
In base 2, what is 10 - -1000111111?
1001000001
In base 11, what is -7 + -981?
-988
In base 5, what is -213 - 23?
-241
In base 13, what is 3c - -8?
47
In base 9, what is -103 + -1?
-104
In base 3, what is -210 - -1020?
110
In base 8, what is -70 - -2?
-66
In base 11, what is -4 + 500?
4a7
In base 3, what is 10 - 12210?
-12200
In base 8, what is 130 + 2?
132
In base 10, what is -2 + 28?
26
In base 7, what is -601 - 2?
-603
In base 9, what is 127 + 3?
131
In base 4, what is -10 - -22220?
22210
In base 14, what is -1 - 12?
-13
In base 3, what is -20102102 - -11?
-20102021
In base 15, what is 0 + -32?
-32
In base 11, what is -43 + -5?
-48
In base 4, what is 12320 - 11?
12303
In base 4, what is 0 - 30212?
-30212
In base 16, what is -670 + 1?
-66f
In base 2, what is 100101110 - 100?
100101010
In base 9, what is -1 - 1157?
-1158
In base 14, what is -5 - -900?
8d9
In base 10, what is -445 + 0?
-445
In base 16, what is 164 + -1?
163
In base 15, what is 48 + 1aa?
203
In base 10, what is 1097 + -1?
1096
In base 7, what is 1201 - 2?
1166
In base 12, what is -1658a - -4?
-16586
In base 4, what is 1012 + 11?
1023
In base 11, what is 4 - 38?
-34
In base 5, what is -120 - -3?
-112
In base 5, what is 3 + 11113?
11121
In base 2, what is 1010 - 11100001111?
-11100000101
In base 10, what is -7127 - -3?
-7124
In base 11, what is -31 - 265?
-296
In base 16, what is 4d + -3?
4a
In base 15, what is -5 + -ed?
-103
In base 5, what is 112424 - 4?
112420
In base 13, what is 2 + -85?
-83
In base 6, what is 2420 + 3?
2423
In base 9, what is -1 + -113?
-114
In base 8, what is -314 - -2?
-312
In base 4, what is -22222 + -2?
-22230
In base 2, what is 11 - -100101?
101000
In base 5, what is 0 - -31022?
31022
In base 8, what is 13 - 77?
-64
In base 9, what is -8886 + 4?
-8882
In base 13, what is -c + a82?
a73
In base 5, what is -2 - -1331?
1324
In base 5, what is 1 + 131012?
131013
In base 2, what is -10000010 - -1000001?
-1000001
In base 4, what is -2030230 - -1?
-2030223
In base 14, what is -7 - 24?
-2b
In base 6, what is -111425 + -4?
-111433
In base 6, what is -20422 - 13?
-20435
In base 8, what is -1 + 523?
522
In base 5, what is -412220 + 2?
-412213
In base 10, what is 20 - 243?
-223
In base 13, what is -b8 + 17?
-a1
In base 5, what is 2 - -2404?
2411
In base 10, what is 8 - 448?
-440
In base 4, what is -113320 + 3?
-113311
In base 7, what is -1 - -2631?
2630
In base 11, what is 98 - -5?
a2
In base 11, what is 71 - 2?
6a
In base 5, what is -44 - 11441?
-12040
In base 12, what is -1972 - 3?
-1975
In base 4, what is -31 - -320?
223
In base 11, what is -1433 + -3?
-1436
In base 6, what is 111 + -140?
-25
In base 4, what is 23 - -2333?
3022
In base 16, what is 9 + 2a2?
2ab
In base 9, what is 240 - -38?
278
In base 15, what is 4 + -33e?
-33a
In base 9, what is -2010 + -5?
-2015
In base 2, what is -110 - 10111?
-11101
In base 7, what is 5 + 206?
214
In base 11, what is 12 + 14?
26
In base 9, what is 24 + -35?
-11
In base 12, what is 288 + 21?
2a9
In base 6, what is -2544 - -1?
-2543
In base 11, what is -1 - -12?
11
In base 9, what is -5 - -13?
7
In base 4, what is -11 - -313?
302
In base 2, what is 0 - -100101101?
100101101
In base 5, what is -3121 + -10?
-3131
In base 16, what is 5 - -2f5?
2fa
In base 9, what is 16 + -2?
14
In base 13, what is 1338 + -3?
1335
In base 11, what is 74 + -137?
-73
In base 10, what is 2 - 578?
-576
In base 4, what is 0 + 320?
320
In base 6, what is 50 + -4?
42
In base 9, what is -5 - 345?
-351
In base 12, what is -697 + -6?
-6a1
In base 5, what is 2 + 443?
1000
In base 3, what is 0 - 112000?
-112000
In base 11, what is a - 470?
-461
In base 12, what is -15 + -100?
-115
In base 12, what is 22 - -4?
26
In base 7, what is 230 - -15?
245
In base 16, what is 0 - -15?
15
In base 13, what is 1 + 3a7?
3a8
In base 5, what is -101 + 2?
-44
In base 16, what is 2 + -4c?
-4a
In base 15, what is 0 - 4?
-4
In base 8, what is 0 + -165?
-165
In base 13, what is -66 - 5?
-6b
In base 15, what is -3 + 4?
1
In base 3, what is -11 - 121100?
-121111
In base 5, what is 4 + 2321?
2330
In base 4, what is 121 - 231?
-110
In base 10, what is -4 + 381?
377
In base 12, what is 14 + -2b9?
-2a5
In base 8, what is 12 + -2?
10
In base 13, what is -40b - 0?
-40b
In base 11, what is 5 + -11?
-7
In base 6, what is 45 + -51?
-2
In base 15, what is 3 - 2dd?
-2da
In base 14, what is -3a + 4?
-36
In base 2, what is -101 + -111000?
-111101
In base 10, what is -1621 + 4?
-1617
In bas